 - 4705831. Is z a composite number?
True
Let v(z) = -6*z - 5*z + z**2 + 13 + 3275*z**3 + 2*z - 3293*z**3. Is v(-7) prime?
True
Let v(b) = 22*b**2 - 6*b + 3. Let t be v(-13). Let k = t + -2265. Let y = k - 383. Is y a composite number?
False
Is 2/(10/3133970*14) a composite number?
False
Let i(b) = 889*b**2 - 770*b - 76. Is i(-35) prime?
True
Let w = 5 + -12. Let f(z) = z + 11. Let i be f(w). Suppose 5*b - 3*m = 1040, -5*b = -i*m - 154 - 881. Is b prime?
True
Is -3*100388*6/(-72) a composite number?
False
Suppose 0 = 2*y + 14*y - 80. Suppose 0 = -y*b - 7522 + 20447. Let a = 5174 - b. Is a composite?
True
Suppose 2*k = 9*k - 14. Suppose 3*t = k*j - 5141, 4*j + 3*t - 15002 = -4765. Is j a composite number?
True
Let k = 126 + -124. Suppose 19034 = k*t - 32648. Is t a composite number?
False
Let p = 4 - -140. Let y be ((-17)/(102/(-72)))/(2/p). Suppose 3*m = -3*g + 2*g + y, 4*m = -5*g + 1163. Is m a composite number?
True
Suppose -5*l + 6 = h, 5*h = l + 2*l - 26. Suppose 0 = l*b - 4*b + 20. Is 70 + (-2)/(b/5) prime?
False
Suppose 2*r - 3*x = 18, 3*x - 26 - 4 = -2*r. Suppose -6*t + r*t = 4686. Let o = t - -16. Is o prime?
True
Suppose -25*j = -20*j - 15. Suppose 2*a = -j*a + 60. Suppose 2*f - 5559 = t, -4*t + a - 16 = 0. Is f a composite number?
True
Let y = 1932378 - 116828. Is y/90 - (80/45 + -2) a prime number?
True
Let z be 3*(-4 - 12/(-9)). Let b be 3 + (4 - (2 - z)). Let p(j) = -50*j**3 + 2*j**2 - j - 4. Is p(b) prime?
True
Let y be 1626/(-18) + 2/(-3). Let t = y - -15. Let d = t - -689. Is d a composite number?
False
Is (6/(-4))/(((-1)/(-4))/((-1230971)/42)) a composite number?
False
Suppose -2*s - 9 = -3*m + 6, m + 3*s = -6. Suppose m*v - 7033 = 44108. Is v a prime number?
True
Let l(z) = -9*z - 6 + 13 - 5*z + 9*z**2. Let c be l(4). Suppose -4*y - y = -c. Is y a composite number?
False
Let f be (2/(-5))/((-1)/(-16635)). Is f/9*15/10*-1 a prime number?
True
Suppose 87*t - 6 = 85*t. Suppose 3*p + 2*f + 11752 = 4*p, p = -t*f + 11767. Suppose 0 = 5*q - p - 7347. Is q prime?
True
Let h(l) = 222*l**3 + l**2 + 7*l - 67. Is h(8) prime?
True
Let b(c) = -c**3 + c**2. Let a(g) = 3*g**3 - 29*g**2 + 18*g + 29. Let m(x) = -a(x) - 4*b(x). Let s = -35 - -11. Is m(s) prime?
False
Suppose 3*a + m = -1661, -3*a - 2*m - 2214 = a. Let k = a - -150. Let x = k + 711. Is x a composite number?
False
Suppose -3*j - u = -124710, -4*j + u + 166282 = 3*u. Is j a composite number?
True
Let b(i) = i**3 + 5*i**2 - 12*i - 32. Let h be b(-3). Suppose 24*y = h*y + 5438. Is y prime?
True
Let d(g) = 0 + 10 - 22 - 17 + 120*g. Suppose -33*n + 22 = -32*n. Is d(n) composite?
True
Let y = -458304 - -669269. Is y composite?
True
Let q be -61 + 63 - (-1 + -4735). Suppose 0 = 4*a - 2*a + 3*c - 4754, -5*c - q = -2*a. Is a prime?
False
Let d = -81 + 56. Is (2 - -3)*(1 + (-7380)/d) a composite number?
False
Suppose 15*m + 5*v - 252059 = 12*m, 252019 = 3*m - 5*v. Is m composite?
True
Suppose 4*t + 70 = 8*t + 2*l, -5 = -2*t + 5*l. Suppose 528682 = 7*h + t*h. Is h composite?
True
Let n(s) = -6*s**2 - 1. Let m be n(-1). Let p(z) = 68*z**2 - 11*z - 83. Is p(m) composite?
True
Suppose 0 = -3*t + 3*w + 15, -14 = -2*t + 3*w + 1. Let h(o) = -6*o**3 - 3*o**2 + 6*o + 4. Let d be h(-4). Is (t - 0) + (d - -3) a composite number?
True
Suppose 0 = j + 5*l - 89458, 2*j = -2047*l + 2048*l + 178839. Is j composite?
True
Let j(p) = 160*p**2 + 100*p + 397. Is j(-21) a composite number?
True
Is 27*(-8)/(-144)*(-619302)/(-9) prime?
True
Let z be (-5)/20*-2*8. Suppose 2*c + z*q = -10, 3*c + 2*q - 1 = -0. Let d(p) = 212*p**2 - 3*p + 4. Is d(c) a composite number?
True
Let f(g) = 36*g**2 + 7*g + 443. Is f(-22) prime?
True
Suppose 4*k + 4*h = 3176, 2*k + 261*h - 256*h - 1609 = 0. Is k a prime number?
True
Suppose -2*n + 12 = -6*n. Let u(q) = -10*q**3 - 3*q + 7 + 4*q**2 - 2 - 4 - q. Is u(n) prime?
False
Let n(j) = -j**3 - 14*j**2 - j - 15. Let l be n(-14). Let c be -1 - 2 - (l - 8). Suppose c*o = -177 + 3171. Is o a prime number?
True
Let r be (-355)/(-30) - ((-1)/(-6))/(-1). Suppose -18*o - r*o + 283170 = 0. Is o a composite number?
False
Let y = -123 + 162. Suppose -p = -3*p + 2. Let h = y - p. Is h composite?
True
Is (-14 - 0)/((-256)/15147904) composite?
True
Let o = 133 + -127. Let b(w) = -22*w**2 - 8*w - 19. Let x(m) = -23*m**2 - 8*m - 19. Let t(q) = -6*b(q) + 5*x(q). Is t(o) composite?
True
Let b(d) = d**3 - 13*d**2 - 19*d + 17. Let n = -8 + 28. Is b(n) prime?
True
Suppose -w - 5*h = -3604, -41*h + 15 = -36*h. Is w a composite number?
True
Let j = -79 + 76. Is 1/((-4)/(-141440)) - j prime?
True
Suppose 0 = -r - 2*t + 24923, 3*r - 13*t - 74772 = -18*t. Is r a composite number?
True
Suppose 3*t = -2*s + 25, -118*t = -s - 123*t + 30. Let u be 6*(1 - (-110)/6). Suppose -s*i + 353 = m, 4*i - 406 = 3*m - u. Is i prime?
True
Let u(c) = -c**3 + 98*c**2 + 16*c - 517. Is u(50) composite?
False
Suppose -3*t - 17 = 1. Let r be (0 + t)*(-72)/16. Let s = r - 6. Is s a composite number?
True
Let x = -9 + -75. Let g = x + 74. Let k(o) = o**3 + 24*o**2 + 6*o - 13. Is k(g) composite?
False
Let o(v) be the second derivative of 23*v**3/6 - 12*v**2 - 14*v. Let g be o(-15). Let z = -212 - g. Is z composite?
False
Let l be (-132964)/(-28) - (-4)/14. Suppose 2*p = 3*x - 12860, 5*p - 9246 = -3*x + 3586. Suppose 3*a - l = x. Is a prime?
True
Suppose 6*n - n + 2 = 3*b, 2*b + 4*n = 38. Let i(y) = y. Let f(u) = -u**3 + 24*u**2 - 11*u + 8. Let l(d) = f(d) - 3*i(d). Is l(b) a prime number?
True
Let t(u) = 8*u**3 + 2*u**2 + 5*u - 16. Let j(w) = -w + 1. Let r = -75 + 81. Let v(y) = r*j(y) + t(y). Is v(3) prime?
False
Suppose 976 - 234 = -7*w. Is (w/(-5))/(((-28)/(-545))/14) composite?
True
Let u(a) be the first derivative of a**4/4 + 2*a**3/3 - 14*a**2 + 142*a + 81. Is u(23) a composite number?
True
Suppose -2*i - v - 2 = -3*v, 0 = -3*i - 5*v + 29. Suppose 0 = -5*b + i*h + 12592, -5*h = -2*b - 0*h + 5033. Is b a prime number?
False
Suppose 0 = 291*l + 177*l - 234496363 + 1415983. Is l prime?
False
Let v(n) = -25278*n - 83. Is v(-7) a composite number?
True
Let j be ((-16)/(-18))/((-49)/(-882)). Is 12/(-16)*-14951*j/12 a prime number?
True
Let w be 0*(4 - 7/2). Suppose 0*s - 8*s + 2504 = w. Let i = s - -66. Is i composite?
False
Let z(d) = 2*d**3 - 10*d**2 - 174*d + 1727. Is z(71) composite?
True
Suppose 87*h - 82*h - 25 = 0. Suppose 3*r - 15 = 2*x, 0*r + 18 = r - h*x. Suppose -4387 = -r*c + 4*l, 0*c - 2*l = 4*c - 5886. Is c prime?
False
Let b be (1 - -4)*((-8)/10 + 1). Suppose -2*l + 5*s + b = 0, 5*l + 2*s = 16 + 1. Suppose u - l*u = -598. Is u a composite number?
True
Let k(j) = -5113*j**2 + 26*j - 19. Let i(u) = 3*u. Let f(q) = 6*i(q) - k(q). Is f(2) composite?
True
Suppose 0 = -3*k - 4*j + 2*j + 62, -5*k = -4*j - 74. Is 1155986/65 + (k/(-10))/(-3) a prime number?
False
Let s be -5 - ((-18910)/20 + (-3)/(-6)). Suppose 5*d = 5*i - 40, 0*d + 2*d - 75 = -5*i. Suppose i*c - s = 9*c. Is c composite?
True
Let v(w) = 14267*w - 186. Let x be v(12). Suppose -x = -5*n - 13*n. Is n composite?
True
Let d(f) = -4*f**2 - 3*f + 5. Let n be d(2). Let y(l) = -389*l - 14. Is y(n) prime?
True
Let w(y) = 24*y + 22. Let c be w(-23). Let u = 53 - c. Is u a prime number?
False
Is (-8)/52 + (-320)/(-52) - (-110301)/3 a composite number?
True
Let q(l) = -50 + 38*l + 406*l + 49 + 183*l - 39*l. Is q(5) a composite number?
False
Suppose 3*s - 4*u - 24814 = 0, 4*s - 17*u - 33044 = -22*u. Let b = -5267 + s. Is b prime?
True
Let x be -1*1*244/4. Suppose 0 = 5*h - 2*g - 578, -h + 2*g = -30 - 84. Let u = x + h. Is u composite?
True
Suppose -72*h = -963010 - 422. Is h prime?
True
Suppose 1986*p - 1982*p + 199954 = 2*x, -x = -4*p - 99983. Is x composite?
False
Let m = -368197 + 601368. Is m prime?
False
Suppose -2*j = -28*z + 29*z - 6, 2 = 2*j. Is (-10)/(-8) + (140599/z - 2) composite?
False
Suppose 48*j = -3*w + 47*j + 7630, -3*w = -3*j - 7638. Suppose -3*r - 2*o + 1534 = -2287, 2*o = -2*r + w. Is r a composite number?
False
Suppose -133 = -8*s + 11. Suppose -m = 2*m + s. Let a(n) = -91*n + 11. Is a(m) prime?
True
Suppose 0 = 2*s - 12, 3*b - 26*s = -23*s + 31083. Is b prime?
False
Suppose d - 3*d + 8 = 0. Suppose -7*q - 3*q + 260 = 0. Suppose 3*n - 63 = -3*z, d*z = -2*n + q + 62. Is z prime?
True
Let h = 185207 - 59112. Is h composite?
True
Let v = 3416 + -1881. Is 